15) to base 14
-11a280
What is 24337 (base 14) in base 11?
604a5
Convert 101253355 (base 6) to base 5.
421432340
What is 43477c (base 14) in base 10?
2279002
Convert -1529303 (base 12) to base 7.
-51305205
What is -1cada (base 16) in base 6?
-2303454
What is -6844979 (base 10) in base 13?
-15587ab
-8927a7 (base 13) to base 12
-10bb017
Convert 1011000100110000000 (base 2) to base 6.
11440000
What is 147b44 (base 12) in base 6?
11223324
What is -250432 (base 6) in base 5?
-1202241
What is -296aa0 (base 16) in base 2?
-1010010110101010100000
-d89d1 (base 15) to base 4
-2213303302
115155 (base 10) to base 12
56783
Convert 664426 (base 9) to base 5.
100200144
-81147 (base 11) to base 14
-31339
Convert 111210042 (base 5) to base 10.
491272
Convert 1131000010 (base 5) to base 3.
11212202222000
What is -1ec7 (base 16) in base 4?
-1323013
What is 3858078 (base 10) in base 13?
a510b3
Convert -130000021 (base 5) to base 12.
-261843
Convert 229816 (base 11) to base 8.
1307474
What is -5155452 (base 7) in base 4?
-2113013331
Convert -100403211 (base 5) to base 6.
-12352152
Convert -11221101020100 (base 3) to base 11.
-1533477
Convert 9b98d (base 15) to base 13.
14435b
50141110 (base 6) to base 8
5307442
1226665 (base 11) to base 6
113405040
What is 2123212300 (base 4) in base 3?
1012101021221
-1101100110110110110 (base 2) to base 12
-196046
-3561246 (base 7) to base 8
-1562427
Convert 10540770 (base 8) to base 9.
4251587
Convert -11200424 (base 5) to base 4.
-120130102
-202120101101110 (base 3) to base 10
-10931637
What is 21210021000200 (base 3) in base 8?
17623067
What is -2101101012 (base 3) in base 13?
-18491
Convert 1d0e1a (base 15) to base 13.
3a9849
What is -255645 (base 10) in base 6?
-5251313
25064 (base 16) to base 13
54047
-6ab082 (base 13) to base 11
-1483627
Convert -3a1c6 (base 14) to base 8.
-427322
What is -3221134103 (base 5) in base 9?
-13741516
What is -9170e (base 16) in base 12?
-2488ba
-342232031 (base 5) to base 4
-11310010300
What is -619203 (base 11) in base 4?
-3302132103
What is -403624 (base 7) in base 8?
-205731
Convert -110000010010011010 (base 2) to base 16.
-3049a
What is -20111221211211 (base 3) in base 6?
-202122034
What is 15b76 (base 15) in base 13?
25b93
Convert 11010111121 (base 3) to base 13.
2acca
What is -1335103 (base 6) in base 3?
-10210212110
What is -140240042 (base 6) in base 8?
-12604032
What is 34951 (base 10) in base 9?
52844
Convert -1311044404 (base 5) to base 4.
-30102211132
Convert -440342314 (base 5) to base 10.
-1887209
What is 220012010211 (base 3) in base 2?
1110100001111101100
What is 11795 (base 12) in base 6?
301105
Convert -1927a (base 12) to base 3.
-1212022011
51031 (base 12) to base 8
315745
-10100101111101101 (base 2) to base 13
-2c8a5
Convert 30016 (base 13) to base 3.
11100120011
-2cc39 (base 14) to base 4
-123120203
What is 1110111110111 (base 2) in base 6?
55303
What is -200121022121 (base 3) in base 2?
-1011001011001101110
What is -1384ae (base 15) in base 7?
-10661345
Convert 11004552 (base 7) to base 13.
2701c8
What is -226952 (base 11) in base 3?
-200022112110
377590 (base 10) to base 3
201011221211
What is 246637 (base 8) in base 13?
2cb4a
What is 7524bc (base 15) in base 4?
111101132001
-403a678 (base 12) to base 11
-6873105
Convert -42011 (base 9) to base 12.
-14054
Convert 110001101011110001010 (base 2) to base 4.
12031132022
What is -2341206 (base 7) in base 16?
-4835a
Convert bae7b (base 15) to base 12.
24782b
615542 (base 8) to base 5
23003433
What is -146362 (base 9) in base 8?
-257556
What is 117a09 (base 12) in base 13?
9bb2c
What is 222100201220 (base 3) in base 5?
113100411
12222211111 (base 3) to base 2
11100110011011000
100012102121 (base 3) to base 7
1353001
311e02 (base 16) to base 14
5db12a
123113231 (base 4) to base 15
2333e
-118617 (base 9) to base 14
-1c30c
-20013002212 (base 4) to base 16
-2070a6
What is -10111000101011110001 (base 2) in base 13?
-206418
What is -4216486 (base 11) in base 7?
-120111221
What is 1474177 (base 8) in base 9?
715631
What is -501192 (base 13) in base 4?
-13011312012
9ecc5 (base 16) to base 14
12d07b
What is 12232531 (base 6) in base 16?
60067
Convert 10143031 (base 5) to base 15.
19de6
10110221022200 (base 3) to base 2
111000011011010010010
What is -1100101000000110 (base 2) in base 16?
-ca06
-423123213 (base 5) to base 4
-12300033001
Convert 2a92d2 (base 14) to base 16.
16a918
What is 553a623 (base 11) in base 12?
3309730
What is -11125 (base 7) in base 14?
-104c
Convert -250531 (base 9) to base 10.
-151336
What is -4639513 (base 11) in base 6?
-445445555
What is 9b130 (base 13) in base 15?
585b9
10201200321 (base 4) to base 6
41230013
Convert 51176c (base 15) to base 3.
21020201201010
Convert -1695927 (base 10) to base 2.
-110011110000010110111
-4804ac (base 16) to base 6
-245054512
What is -34ee8 (base 15) in base 3?
-22120110202
32781a7 (base 11) to base 2
10101111011110110001110
Convert -bc56b (base 15) to base 12.
-24a4b5
Convert 10011111001011010110001 (base 2) to base 13.
1108159
130231113 (base 4) to base 15
24c96
Convert 2442354 (base 6) to base 7.
1051342
What is 10266387 (base 9) in base 14?
92a237
-201100022 (base 3) to base 14
-51d4
2337522 (base 8) to base 12
269816
Convert -12574378 (base 9) to base 13.
-1389794
Convert -1031751 (base 11) to base 15.
-25d8b3
15bbb1 (base 12) to base 2
1011011000111110101
f066d (base 16) to base 14
1b8bc9
4b56a (base 16) to base 9
520263
Convert -221222021101001 (base 3) to base 8.
-64517225
2239b48 (base 12) to base 3
110022201120202
-105262 (base 9) to base 14
-18cda
Convert -26c22 (base 13) to base 14.
-1c528
What is -1012232122 (base 4) in base 12?
-11b78a
What is -220012212101 (base 3) in base 5?
-110223133
Convert 40021234 (base 5) to base 2.
1001100101001011000
Convert -10220120211021 (base 3) to base 9.
-3816737
What is 67756 (base 9) in base 7?
245310
What is 11000030210 (base 4) in base 8?
5001444
Convert -1421375 (base 8) to base 9.
-672608
-1642044 (base 8) to base 11
-2a5856
What is 45524640 (base 7) in base 15?
537283
-10431 (base 9) to base 13
-31ba
What is 27475 (base 13) in base 8?
217071
Convert -72256 (base 11) to base 7.
-616304
Convert -24232440 (base 6) to base 13.
-20ab94
What is -124982 (base 11) in base 12?
-95ab0
53972aa (base 11) to base 14
138b98a
Convert -200628 (base 15) to base 9.
-2766212
What is 5409b (base 15) in base 7?
2160521
-271624 (base 8) to base 4
-113032110
57a49 (base 14) to base 9
354544
aa2b34 (base 13) to base 12
1411744
Convert -17306104 (base 8) to base 14.
-76dd88
156927 (base 13) to base 15
a6a59
Convert -22010020101020 (base 3) to base 9.
-8106336
What is 61944 (base 11) in base 5?
10342224
What is 11100010010011100001101 (base 2) in base 9?
14852216
550464 (base 8) to base 14
4b3da
Convert 19bc6c (base 14) to base 6.
31345400
328644 (base 9) to base 6
4114151
What is -1d042 (base 14) in base 6?
-1331134
3f12eb (base 16) to base 12
1474177
What is 540630 (base 7) in base 3?
11202212210
What is -147471 (base 8) in base 16?
-cf39
Convert 10100100111010011 (base 2) to base 8.
244723
Convert 6400754 (base 9) to base 16.
3444b2
What is -364242 (base 9) in base 2?
-110101100111101101
Convert 13261938 (base 10) to base 7.
220503354
-1040425300 (base 6) to base 12
-3918230
-1ba0d4 (base 15) to base 7
-14322304
Convert 10001001100011 (base 2) to base 16.
2263
Convert 3d7a68 (base 15) to base 7.
34115135
344200 (base 9) to base 11
13113a
What is 846a63 (base 15) in base 2?
11000000010000110111101
1197487 (base 10) to base 13
32c095
What is -2313232 (base 4) in base 6?
-130234
-92448a (base 13) to base 8
-15000721
Convert 1012210230 (base 4) to base 2.
1000110100100101100
Convert -20115216 (base 7) to base 15.
-22e3d0
Convert -5302402 (base 6) to base 10.
-257186
-25403042 (base 6) to base 10
-824930
195591 (base 11) to base 6
10233420
Convert 11222104 (base 5) to base 7.
602001
Convert 590a71 (base 14) to base 10.
3036923
Convert -670013 (base 9) to base 4.
-1201231221
What is 25010102 (base 6) in base 7?
6516200
7adcc (base 14) to base 6
10224344
Convert -5656582 (base 12) to base 16.
-fc58b2
What is aba99 (base 15) in base 7?
4432110
What is -10a572 (base 16) in base 12?
-4473aa
Convert 2646730 (base 10) to base 13.
718918
-340026 (base 8) 